actor of 444?
True
Does 29 divide 1143?
False
Is 675 a multiple of 25?
True
Is 107 a factor of 404?
False
Does 12 divide 1632?
True
Does 55 divide 606?
False
Is 2556 a multiple of 46?
False
Is 82294 a multiple of 346?
False
Is 236 a multiple of 8?
False
Does 36 divide 3168?
True
Does 16 divide 7468?
False
Is 7196 a multiple of 14?
True
Is 5 a factor of 76110?
True
Is 23460 a multiple of 138?
True
Is 8025 a multiple of 13?
False
Is 5209 a multiple of 37?
False
Does 39 divide 234?
True
Is 5295 a multiple of 74?
False
Does 68 divide 159?
False
Does 4 divide 5070?
False
Is 18 a factor of 2129?
False
Is 19 a factor of 551?
True
Is 48700 a multiple of 20?
True
Is 11774 a multiple of 111?
False
Does 6 divide 1070?
False
Does 259 divide 13209?
True
Is 2 a factor of 313?
False
Does 10 divide 90?
True
Is 21 a factor of 3937?
False
Does 122 divide 4467?
False
Is 72 a multiple of 8?
True
Is 49 a factor of 37434?
False
Is 2833 a multiple of 24?
False
Is 365 a factor of 86825?
False
Does 39 divide 3078?
False
Does 25 divide 2675?
True
Does 188 divide 59032?
True
Does 19 divide 3287?
True
Is 2 a factor of 103?
False
Is 6840 a multiple of 38?
True
Is 7858 even?
True
Does 33 divide 2272?
False
Is 792 a multiple of 33?
True
Is 25344 a multiple of 72?
True
Is 734 a multiple of 6?
False
Does 36 divide 5191?
False
Is 97700 a multiple of 20?
True
Does 23 divide 42389?
True
Does 26 divide 2236?
True
Is 43 a factor of 1247?
True
Is 8 a factor of 975?
False
Does 78 divide 4290?
True
Is 5463 a multiple of 9?
True
Is 11286 a multiple of 6?
True
Is 893 a multiple of 9?
False
Does 248 divide 9672?
True
Does 9 divide 54764?
False
Is 1638 a multiple of 13?
True
Is 213 a factor of 30246?
True
Is 3 a factor of 4926?
True
Does 40 divide 1600?
True
Is 1419 a multiple of 11?
True
Is 21879 a multiple of 33?
True
Does 7 divide 2499?
True
Does 3 divide 2961?
True
Is 20 a factor of 1320?
True
Does 79 divide 1185?
True
Is 171 a multiple of 6?
False
Is 207 a factor of 78039?
True
Is 315 a multiple of 25?
False
Is 19890 a multiple of 7?
False
Is 6250 a multiple of 10?
True
Does 134 divide 7370?
True
Is 4 a factor of 121?
False
Is 16 a factor of 728?
False
Is 172 a factor of 19282?
False
Is 16 a factor of 6135?
False
Does 38 divide 2242?
True
Is 1248 a multiple of 10?
False
Is 50 a factor of 500?
True
Is 13 a factor of 9333?
False
Is 2568 a multiple of 81?
False
Does 21 divide 1276?
False
Is 1417 a multiple of 53?
False
Does 39 divide 42081?
True
Is 18 a factor of 24404?
False
Is 66 a multiple of 33?
True
Is 16 a factor of 5430?
False
Does 34 divide 4830?
False
Is 152 a multiple of 4?
True
Is 5722 a multiple of 2?
True
Is 27 a factor of 94282?
False
Is 15 a factor of 45?
True
Is 205 a multiple of 30?
False
Is 16832 a multiple of 32?
True
Does 17 divide 578?
True
Does 14 divide 126?
True
Is 3810 a multiple of 5?
True
Does 5 divide 42457?
False
Is 163 a factor of 57575?
False
Is 9 a factor of 9990?
True
Is 16831 a multiple of 48?
False
Does 11 divide 1023?
True
Is 43 a factor of 683?
False
Does 16 divide 1712?
True
Does 11 divide 1056?
True
Does 13 divide 461?
False
Does 4 divide 105?
False
Does 3 divide 51?
True
Does 15 divide 1133?
False
Does 10 divide 160?
True
Is 8448 a multiple of 44?
True
Is 22 a factor of 19228?
True
Does 31 divide 533?
False
Is 32 a factor of 4616?
False
Is 16 a factor of 4640?
True
Is 267 a multiple of 10?
False
Does 94 divide 15040?
True
Does 6 divide 5551?
False
Does 8 divide 16?
True
Does 46 divide 1287?
False
Is 9774 a multiple of 6?
True
Does 29 divide 1363?
True
Is 150 a multiple of 5?
True
Does 14 divide 71418?
False
Is 116 a multiple of 58?
True
Is 2772 a multiple of 6?
True
Is 35 a factor of 834?
False
Is 25 a factor of 356?
False
Is 13430 a multiple of 158?
True
Does 36 divide 6660?
True
Is 118 a factor of 905?
False
Is 83 a multiple of 4?
False
Does 57 divide 151?
False
Is 10 a factor of 1440?
True
Is 14 a factor of 742?
True
Is 71 a factor of 3167?
False
Is 24 a factor of 1286?
False
Is 3 a factor of 418?
False
Is 13 a factor of 4202?
False
Is 39974 a multiple of 22?
True
Does 5 divide 14845?
True
Is 20 a factor of 21553?
False
Is 3366 a multiple of 9?
True
Does 35 divide 280?
True
Does 20 divide 95428?
False
Is 384 a multiple of 16?
True
Is 58 a factor of 4814?
True
Is 60172 a multiple of 49?
True
Does 17 divide 5967?
True
Is 280 a multiple of 40?
True
Does 49 divide 1975?
False
Does 42 divide 924?
True
Is 18 a factor of 1390?
False
Is 441 a multiple of 3?
True
Does 60 divide 26850?
False
Does 52 divide 40880?
False
Does 11 divide 36629?
False
Is 4 a factor of 3244?
True
Is 2324 a multiple of 14?
True
Is 51 a factor of 5292?
False
Is 3264 a multiple of 24?
True
Is 5440 a multiple of 34?
True
Is 34 a factor of 1349?
False
Does 130 divide 34190?
True
Does 167 divide 43253?
True
Does 161 divide 14522?
False
Does 28 divide 1275?
False
Is 6330 a multiple of 5?
True
Is 36 a factor of 8412?
False
Is 28 a factor of 4564?
True
Is 75360 a multiple of 12?
True
Does 22 divide 616?
True
Does 7 divide 942?
False
Is 5920 a multiple of 19?
False
Is 38 a factor of 1603?
False
Is 39 a factor of 1248?
True
Is 18 a multiple of 6?
True
Is 15440 a multiple of 16?
True
Is 2 a factor of 105?
False
Is 34 a factor of 68371?
False
Is 171 a multiple of 19?
True
Is 43 a factor of 138?
False
Is 27 a factor of 750?
False
Is 4800 a multiple of 24?
True
Is 19 a factor of 4218?
True
Is 28 a factor of 6664?
True
Is 5464 a multiple of 120?
False
Is 19 a factor of 76?
True
Is 17496 a multiple of 3?
True
Is 18 a factor of 7629?
False
Does 6 divide 1008?
True
Does 73 divide 18710?
False
Does 132 divide 33702?
False
Is 68 a factor of 25698?
False
Is 4976 a multiple of 4?
True
Does 135 divide 1946?
False
Does 43 divide 62257?
False
Does 42 divide 420?
True
Is 14 a factor of 16966?
False
Does 7 divide 2772?
True
Does 15 divide 85770?
True
Does 3 divide 15672?
True
Is 76 a factor of 6916?
True
Is 2389 a multiple of 13?
False
Is 666 a multiple of 23?
False
Is 29 a multiple of 5?
False
Is 151 a factor of 40193?
False
Is 9 a factor of 18?
True
Is 576 a multiple of 36?
True
Does 14 divide 1000?
False
Does 79 divide 6812?
False
Does 48 divide 1023?
False
Is 10 a factor of 420?
True
Is 42352 a multiple of 10?
False
Is 13 a factor of 2119?
True
Does 18 divide 6102?
True
Is 32375 a multiple of 15?
False
Is 59 a factor of 727?
False
Does 10 divide 60434?
False
Does 330 divide 74462?
False
Is 25 a multiple of 5?
True
Is 12 a factor of 4980?
True
Is 84 a multiple of 3?
True
Is 1516 a multiple of 76?
False
Is 64 a factor of 17129?
False
Is 5887 a multiple of 10?
False
Does 76 divide 6004?
True
Does 173 divide 10936?
False
Does 12 divide 576?
True
Is 12862 a multiple of 10?
False
Is 80 a multiple of 3?
False
Is 4069 a multiple of 313?
True
Is 54 a factor of 5562?
True
Does 82 divide 5986?
True
Is 4 a factor of 1570?
False
Does 15 divide 12006?
False
Does 4 divide 1875?
False
Is 54 a factor of 6109?
False
Is 15 a factor of 71112?
False
Is 14912 a multiple of 76?
False
Is 3454 a multiple of 22?
True
Is 33 a factor of 39864?
True
Does 20 divide 760?
True
Is 9545 a multiple of 6?
False
Is 29 a factor of 3476?
False
Does 36 divide 1704?
False
Is 8711 a multiple of 14?
False
Is 58080 a multiple of 16?
True
Is 100 a multiple of 46?
False
Is 592 a multiple of 74?
True
Is 230 a multiple of 30?
False
Is 8 a factor of 164?
False
Does 103 divide 6077?
True
Does 136 divide 2040?
True
Does 2 divide 3440?
True
Is 23318 a multiple of 178?
True
Is 9 a factor of 59292?
True
Is 75 a factor of 5375?
False
Is 9114 a multiple of 12?
False
Is 7808 a multiple of 32?
True
Is 15000 a multiple of 10?
True
Is 24147 a multiple of 125?
False
Is 68 a factor of 1345?
False
Is 4403 a multiple of 37?
True
Is 273 a multiple of 13?
True
Does 219 divide 2499?
False
Is 47 a factor of 851?
False
Is 3 a factor of 91?
False
Is 42105 a multiple of 12?
False
Does 71 divide 8673?
False
Is 7 a factor of 735?
True
Is 5 a factor of 60?
True
Is 15958 a multiple of 6?
False
Does 31 divide 11377?
True
Does 170 divide 14381?
False
Is 49 a factor of 18032?
True
Is 1216 a multiple of 44?
False
Does 50 divide 1333?
False
Is 25 a factor of 2050?
True
Does 14 divide 118496?
True
Does 260 divide 120354?
False
Does 58 divide 17284?
True
Is 12 a factor of 99